the remainder when 112720856 is divided by 3265.
3261
Calculate the remainder when 147403811 is divided by 1545.
1541
Calculate the remainder when 561975 is divided by 9057.
441
Calculate the remainder when 9747272 is divided by 43.
32
Calculate the remainder when 34681228 is divided by 1399.
18
Calculate the remainder when 121710 is divided by 7116.
738
Calculate the remainder when 62030591 is divided by 1824.
1823
Calculate the remainder when 36935 is divided by 605.
30
Calculate the remainder when 131183 is divided by 1058.
1049
What is the remainder when 3807148 is divided by 13?
7
Calculate the remainder when 460176 is divided by 4104.
528
What is the remainder when 3171586 is divided by 34?
32
What is the remainder when 90309 is divided by 113?
22
What is the remainder when 1939796 is divided by 17961?
8
What is the remainder when 741566 is divided by 9500?
566
What is the remainder when 97567 is divided by 7928?
2431
Calculate the remainder when 630445732 is divided by 1004.
1000
Calculate the remainder when 90255 is divided by 808.
567
What is the remainder when 569560 is divided by 621?
103
Calculate the remainder when 989334 is divided by 989324.
10
Calculate the remainder when 16848710 is divided by 24001.
8
Calculate the remainder when 40505 is divided by 81.
5
Calculate the remainder when 73998 is divided by 14768.
158
Calculate the remainder when 3662444 is divided by 26.
6
Calculate the remainder when 7488991 is divided by 20.
11
What is the remainder when 82192596 is divided by 1826502?
6
What is the remainder when 2405208 is divided by 1334?
6
Calculate the remainder when 11260 is divided by 1931.
1605
Calculate the remainder when 28982 is divided by 403.
369
Calculate the remainder when 407264298 is divided by 139.
136
Calculate the remainder when 19439559 is divided by 1143503.
8
Calculate the remainder when 525913489 is divided by 6.
1
Calculate the remainder when 24968 is divided by 3363.
1427
Calculate the remainder when 17853 is divided by 1788.
1761
What is the remainder when 403118 is divided by 133674?
2096
What is the remainder when 8666221 is divided by 5828?
5813
What is the remainder when 1068368 is divided by 355981?
425
Calculate the remainder when 100485 is divided by 6158.
1957
Calculate the remainder when 3279 is divided by 1252.
775
What is the remainder when 9155166 is divided by 82?
30
What is the remainder when 5745046 is divided by 20?
6
What is the remainder when 10851183 is divided by 406?
21
What is the remainder when 394518 is divided by 1466?
164
Calculate the remainder when 3589185 is divided by 984.
537
What is the remainder when 167017 is divided by 1686?
103
What is the remainder when 18988 is divided by 18723?
265
What is the remainder when 101947475 is divided by 176?
3
What is the remainder when 399471 is divided by 16644?
15
What is the remainder when 2103706 is divided by 2103704?
2
Calculate the remainder when 8984331 is divided by 897.
876
What is the remainder when 221053 is divided by 45?
13
What is the remainder when 104717 is divided by 14?
11
What is the remainder when 26220 is divided by 105?
75
What is the remainder when 66143464 is divided by 2512?
2504
Calculate the remainder when 216701 is divided by 15329.
2095
What is the remainder when 4842132 is divided by 1366?
1028
What is the remainder when 1464571641 is divided by 19?
18
What is the remainder when 4463580 is divided by 118?
112
What is the remainder when 32146618 is divided by 1651?
1648
What is the remainder when 1272528623 is divided by 2011?
2010
What is the remainder when 21532793 is divided by 600?
593
Calculate the remainder when 49812727 is divided by 232.
7
Calculate the remainder when 1767337 is divided by 883528.
281
What is the remainder when 216039 is divided by 30825?
264
Calculate the remainder when 11148598 is divided by 61.
55
Calculate the remainder when 519639 is divided by 44.
43
Calculate the remainder when 4637761 is divided by 4637743.
18
What is the remainder when 2205188 is divided by 85?
33
What is the remainder when 79235 is divided by 15830?
85
What is the remainder when 21056179 is divided by 3201?
1
Calculate the remainder when 139040 is divided by 199.
138
Calculate the remainder when 283653 is divided by 94490.
183
Calculate the remainder when 11048721 is divided by 1684.
1681
What is the remainder when 1266940 is divided by 6818?
5610
What is the remainder when 9319 is divided by 1894?
1743
What is the remainder when 648335 is divided by 614?
565
What is the remainder when 7705 is divided by 4895?
2810
What is the remainder when 34867086 is divided by 2324472?
6
Calculate the remainder when 54244116 is divided by 280.
276
Calculate the remainder when 54849 is divided by 54535.
314
What is the remainder when 1723354 is divided by 191483?
7
Calculate the remainder when 13571052 is divided by 45.
42
What is the remainder when 46178238 is divided by 9235640?
38
What is the remainder when 903110 is divided by 25801?
75
Calculate the remainder when 185729 is divided by 1259.
656
Calculate the remainder when 98377 is divided by 3832.
2577
Calculate the remainder when 4591073 is divided by 48.
17
What is the remainder when 1333521 is divided by 1392?
1377
What is the remainder when 8457910 is divided by 1707?
1432
What is the remainder when 27387 is divided by 277?
241
Calculate the remainder when 1103367 is divided by 188.
183
Calculate the remainder when 1013404 is divided by 252976.
1500
What is the remainder when 12989900 is divided by 167?
139
What is the remainder when 7648870 is divided by 1444?
2
What is the remainder when 124331 is divided by 306?
95
What is the remainder when 252877643 is divided by 7?
4
What is the remainder when 346768 is divided by 21671?
32
Calculate the remainder when 494438 is divided by 494425.
13
Calculate the remainder when 64302 is divided by 16040.
142
Calculate the remainder when 22479 is divided by 1158.
477
What is the remainder when 454842 is divided by 1568?
122
Calculate the remainder when 242999 is divided by 6392.
103
Calculate the remainder when 8885851 is divided by 10.
1
Calculate the remainder when 17040 is divided by 1222.
1154
What is the remainder when 144251 is divided by 47716?
1103
What is the remainder when 1636799 is divided by 459?
5
What is the remainder when 3455035 is divided by 2832?
2827
What is the remainder when 12602522 is divided by 586?
6
Calculate the remainder when 605202 is divided by 7037.
20
Calculate the remainder when 1730378 is divided by 576389.
1211
Calculate the remainder when 322128 is divided by 364.
352
What is the remainder when 11165077 is divided by 705?
697
What is the remainder when 1630720 is divided by 815358?
4
What is the remainder when 2263366 is divided by 5467?
28
What is the remainder when 70766 is divided by 34757?
1252
What is the remainder when 2643790 is divided by 124?
110
Calculate the remainder when 91849 is divided by 45879.
91
What is the remainder when 499002 is divided by 1808?
1802
Calculate the remainder when 18480075 is divided by 4620007.
47
What is the remainder when 804324 is divided by 1323?
1263
Calculate the remainder when 1546686 is divided by 51536.
606
What is the remainder when 873753 is divided by 294?
279
What is the remainder when 402546 is divided by 5929?
5303
Calculate the remainder when 3160358 is divided by 199.
39
What is the remainder when 1775398 is divided by 120?
118
Calculate the remainder when 8750306 is divided by 64.
34
What is the remainder when 1175528 is divided by 1835?
1128
What is the remainder when 530439 is divided by 7168?
7
Calculate the remainder when 7177 is divided by 240.
217
Calculate the remainder when 2448065 is divided by 5744.
1121
Calculate the remainder when 71013327 is divided by 131995.
17
Calculate the remainder when 92997 is divided by 1111.
784
What is the remainder when 5667058 is divided by 118?
108
What is the remainder when 2557793 is divided by 1733?
1618
What is the remainder when 99789 is divided by 33232?
93
Calculate the remainder when 108899 is divided by 96.
35
Calculate the remainder when 51264434 is divided by 49.
46
What is the remainder when 250729 is divided by 632?
457
Calculate the remainder when 1216611 is divided